*v - 4*g + 9 = 653. What is the remainder when 969 is divided by v?
33
Suppose -3*x = 3*v - 123, 14*v = 18*v - 16. What is the remainder when 701 is divided by x?
35
Let r(q) be the third derivative of 2*q**6/5 + q**5/30 - q**4/24 + 7*q**2. What is the remainder when 7 - (0 - 623/7) is divided by r(1)?
47
Let t(p) = 2*p + 15. Let d be t(-9). Let j be (12/(-21))/(d/(42/4)). Suppose 0 = -2*x - 2*x + 16, l = -j*x + 29. What is the remainder when 24 is divided by l?
3
Let d be (-22)/(-88) - -1*2/(-8). Let u(t) = -t**3 + t**2 - t + 15. What is the remainder when u(d) is divided by 4?
3
Calculate the remainder when (-51)/102 - 2794*7/(-4) is divided by 15.
14
Suppose -286*q = -245*q - 9717. Calculate the remainder when 756 is divided by q.
45
Let a be (2 + 7)/(-3)*(-15 - -226). Let b = a + 788. Calculate the remainder when b is divided by 42.
29
Let h = -17 + 80. Let n = h + -33. Let s(o) = 3*o**2 - 12*o - 2. What is the remainder when n is divided by s(5)?
4
Let n(h) = h**2 + 12*h + 24. Suppose 10 = 6*k - 7*k. Let x be n(k). Suppose 0 = -x*w + 156 - 12. Calculate the remainder when w is divided by 13.
10
Let n(f) be the third derivative of f**5/60 - f**4/24 - 3*f**3/2 - 48*f**2. Calculate the remainder when 228 is divided by n(7).
30
Suppose 16 = 2*x, -342*x + 352*x = 2*c - 800. What is the remainder when 451 is divided by c?
11
Suppose 5*p + 26 = 3*c, 5*c - 4*c - 42 = -5*p. Suppose -c*b + 220 = -7*b. Calculate the remainder when 105 is divided by b.
17
Let m = 343 + -334. Let h = 105 - m. What is the remainder when h is divided by 47?
2
Let n(o) = o**2 + o + 1. Let k be n(-1). Suppose 5*v - 6*v + 5*c = 14, 4*c - 16 = 0. What is the remainder when ((-2)/(-2))/(k/16) is divided by v?
4
Let f = 2144 - 1910. What is the remainder when f is divided by 12?
6
Let z be 23 - 23 - (-163 + -2 + 4). Let b = 203 - z. What is the remainder when 147 is divided by b?
21
Suppose -2*b + 9 = 4*t + 19, 0 = 3*b + 2*t + 15. What is the remainder when 54 is divided by (-21)/(-15) + 2/b?
0
Suppose -2*f + t + 0*t = -229, 3*f = -t + 336. Let k = 71 + -51. Suppose 3*d = -3, -73 = -5*y - 2*d + k. What is the remainder when f is divided by y?
18
Let r(t) = 2*t**3 - 55*t**2 + 12*t + 639. Calculate the remainder when r(27) is divided by 165.
69
Let x(z) = 48*z - 11. Suppose 0 = -2*b - 47 - 23. Let y = -33 - b. What is the remainder when x(y) is divided by 11?
8
Suppose -y = -4*c + 11, 0*c = -4*y - 4*c + 36. Suppose -3*n + 69 + 28 = y*v, 37 = v + 5*n. What is the remainder when v is divided by 10?
7
Let t be (6/(-8))/(1 - (-209)/(-208)). Suppose z + t = 4*q + 3*z, -z = 5*q - 189. What is the remainder when q is divided by 8?
5
Let x be (-2)/(-6)*(1 + 3 - -23). Let s = x - 7. Suppose 0 = 3*t - 5*c - 51, s*c - 6*c = t - 17. Calculate the remainder when 67 is divided by t.
16
Suppose -100*f + 106573 = -503327. Calculate the remainder when f is divided by 113.
110
Let g = 269 - 143. Suppose -7*y + 0*y + g = 0. What is the remainder when 34 is divided by y + (1 + -1)/(-3 - -2)?
16
Let p = 10 + -7. Suppose -5*a = -15, -89*t + 87*t = -4*a - 320. Suppose 2*m - 217 - t = -y, -m = -p*y - 209. What is the remainder when m is divided by 39?
38
Suppose 14*f = -3*f + 11*f + 2364. Calculate the remainder when f is divided by 98.
2
Let m(i) = 317*i + 2623. Calculate the remainder when m(-8) is divided by 1*(38 + -2)/1.
15
Suppose -125*n - 37 = -127*n - x, 2*n + 5*x - 25 = 0. Calculate the remainder when 4077 is divided by n.
17
Let j = -22171 - -22694. Calculate the remainder when j is divided by 280.
243
Let t = 943 + -615. Suppose -4*z + 2*d = -t, -6*z + 2*d = -10*z + 320. Calculate the remainder when z is divided by 42.
39
Let r be 6 + (-9)/(54/6). Suppose -r*d + 1695 = -15*g + 20*g, 0 = -3*d + 3*g + 993. What is the remainder when d is divided by 24?
23
Let k = 17290 - 17274. Calculate the remainder when 396 is divided by k.
12
Suppose 39 = -3*v - 3. What is the remainder when 226 is divided by (-339)/(-6) + (-7)/v?
55
Suppose 5*y - 2*f = 2242, 4*y - 2*f = -3*f + 1791. What is the remainder when y is divided by 54?
16
Let b = 6854 - 6517. What is the remainder when 337 is divided by b?
0
Let n(c) = 6*c**2 - 98*c - 1425. Suppose -2*y - 4*m + 46 = 0, -3*y - m + 106 = y. What is the remainder when n(-10) is divided by y?
20
Suppose -3*j - 1 = -28. Let m(i) be the first derivative of 2*i**3/3 - 9*i**2 + 9*i + 768. Calculate the remainder when 13 is divided by m(j).
4
Let s(t) = -3*t**2 + 496*t - 385. Calculate the remainder when 326 is divided by s(164).
55
Let u = -4218 - -4328. What is the remainder when 203 is divided by u?
93
Let y(o) = -o**2 - 36*o + 85. Let j be y(-38). Let a = j + 8. Calculate the remainder when 152 is divided by a.
16
Let o = -563 + 615. What is the remainder when 1318 is divided by o?
18
Suppose -1044 = 22*v - 13*v. Let j = -103 - v. What is the remainder when 48 is divided by j?
9
Let o be (189 + 1)*(-36)/(-72). Suppose -19*r = -361 - o. Calculate the remainder when 49 is divided by r.
1
Suppose 3*g - 18 = 3*p, 2*g - 10 = g + 2*p. Suppose s + 3*s = 140. Calculate the remainder when s is divided by (g + 7/(-2))*(-120)/20.
8
Let s(l) = l**2 - 3*l + 6. Let a(p) = -9*p - 1 - 4*p - 2*p**2 + 3*p**2 + 27. Calculate the remainder when a(17) is divided by s(5).
14
Calculate the remainder when (884 - 886)/(((-1)/89058)/(1/4)) is divided by 36.
33
Let d = 2218 - 2171. Calculate the remainder when 856 is divided by d.
10
Calculate the remainder when ((-10)/(-15))/((-20)/(-20880)) is divided by 8.
0
Let j(q) = -24*q**3 + q**2 - 8*q - 8. Let b(g) = g**3 + 11*g**2 + 5*g - 1. Calculate the remainder when b(-10) is divided by j(-1).
24
Suppose -700 = -p - 181. Let a(n) = 19*n + 103. Calculate the remainder when p is divided by a(-2).
64
Let c(d) = 10*d**2 + 9*d - 5. Let f(n) = n + 44. Calculate the remainder when c(4) is divided by f(-12).
31
Let g(d) = 3*d + 26. Let n(y) = 2*y + 26. Let b(p) = -3*g(p) + 2*n(p). What is the remainder when (2/1 + -3)/((-12)/852) is divided by b(-7)?
8
Suppose -91*k - 12854 + 122822 = 257*k. What is the remainder when 6635 is divided by k?
315
Suppose -5*v - 17 = -232. Suppose 5*o - 227 = -g, -5*g = -5*o + 2*o + 125. Suppose 37*d = 40*d - o. Calculate the remainder when v is divided by d.
13
Let u(l) = l**2 + 14*l + 51. Calculate the remainder when 77 is divided by u(-5).
5
Suppose 287 = -16*z + 9*z. Suppose 3*a + 0*a = -84. Let c = a - z. Calculate the remainder when 50 is divided by c.
11
Let c(y) = -3*y + 31. Let k be c(-7). Suppose -2*b = 9*i - 7*i - k, -5*b = i - 118. Let t = 25 + -11. Calculate the remainder when b is divided by t.
9
Suppose -3*w = i - 15, -3 = 4*w - 3*i - 10. Suppose -k - 2*c + 44 = 0, -w*k - 3*c + 169 = -2*c. Calculate the remainder when 127 is divided by k.
1
Let g = -16820 - -16998. What is the remainder when g is divided by 26?
22
Suppose 4*w + 6*w - 1290 = 0. Suppose 7*q - w = -24. Suppose 2*g - 5*m = 73, -3*m = -4*g - 46 + 157. What is the remainder when g is divided by q?
9
Suppose -x - x + 4 = -4*o, -2*o - 6 = -2*x. Let q(j) = 7*j**2 + 3. Calculate the remainder when q(-3) is divided by x.
2
Let u(i) = i**3 + 1 - 5*i**2 - 3 + 1 + 5*i. Suppose 0 = 4*b + 5*n - 9*n - 52, -n - 2 = 0. Calculate the remainder when b is divided by u(4).
2
Suppose -18*f = -4*z - 14*f + 40, -22 = -3*z + f. Calculate the remainder when 203 is divided by (14 - z) + (6 - -2).
11
Let c be 33/7 + (-2)/(-7). Suppose -85 = -4*u + 4*s - 5*s, c = s. Let m(h) = -3*h**2 - 43*h + 212. Calculate the remainder when m(-17) is divided by u.
16
Let j(g) = 14 + 2*g - 3*g - 3 - 12*g. Suppose 2*c - i - 61 = 0, 4*c = 2*c - 5*i + 43. What is the remainder when j(-8) is divided by c?
28
Let h = -44 + 66. Suppose -6*j + 989 - 5 = 0. What is the remainder when j is divided by h?
10
Let b(n) = 3311*n**2 + 62*n + 61. Calculate the remainder when b(-1) is divided by 16.
14
Calculate the remainder when 1455 is divided by (-9)/15 + -1 - (-37980)/300 - 4.
3
Let o = 62 - 62. Suppose 19 + 32 = 3*h - v, o = 3*v. Suppose -5*b - y + 49 = -2*y, 5*y + 47 = 3*b. Calculate the remainder when h is divided by b.
8
Let c(y) = 4*y**3 - 92*y**2 + 7*y - 49. What is the remainder when c(26) is divided by 19?
18
Let g(a) = -1 + 439*a - 225*a + 5 - 218*a. Let t be -2*9/15*5. What is the rem